and 11?
11
Let n be (-1)/((-12)/27) - (-2)/(-8). What is the greatest common divisor of 3 and n?
1
Let k(t) = 6*t**2 + 8*t + 2. Let a be k(7). What is the greatest common divisor of 32 and a?
32
Let n be 122/3 + (-6)/9. Suppose 4*l = 5*p - n, 0 = 2*p + 2*p - 4*l - 28. What is the greatest common divisor of p and 36?
12
Let q be (-7)/((-21)/405) - 3. Suppose r = -3*z + 37, 2*r = r + 1. Calculate the greatest common divisor of q and z.
12
Suppose 0 = 4*u - 3*d - 10 - 19, 5*u - 50 = d. Calculate the greatest common factor of 77 and u.
11
Let u be -3 + (-3 - -32) - 2. What is the highest common divisor of 36 and u?
12
Let d be (-5 + 7)/((-2)/(-63)). What is the highest common divisor of d and 7?
7
Let m = -52 + 88. What is the highest common factor of 90 and m?
18
Let j = -9 + 33. What is the greatest common factor of 12 and j?
12
Let d = 7 + -4. Let n be (-234)/d*(-9)/6. Let s be 1 + 12/(2 + -1). Calculate the highest common factor of s and n.
13
Let z = 9 + -1. Let w be z*1*15/2. Let u(j) = -2*j**3 + 19*j**2 - 5*j - 21. Let k be u(9). What is the greatest common divisor of w and k?
15
Suppose -29*c + 33*c = 272. What is the greatest common factor of c and 51?
17
Let t(a) = a - 15. Let w be t(11). Let v(b) = -b**3 - b - 4. Let q be v(w). Let i be (2 + 2)*(1 - -1). What is the highest common factor of i and q?
8
Suppose j - 42 = -5*r, j - 2 = -5. Let c(g) = g**2 + 8*g + 10. Let t be c(-7). Let w = r - t. Calculate the greatest common factor of 66 and w.
6
Let s(p) = -p + 24. Let d be s(19). Suppose 2*n = -d*j + 15, n + 2*n - 5*j - 10 = 0. What is the greatest common divisor of n and 55?
5
Suppose -60 = -2*d + 4*h, 2*d + h - 20 - 25 = 0. What is the highest common divisor of 108 and d?
12
Let p be (-3 - -16) + (3 - 1). What is the greatest common divisor of 25 and p?
5
Let u(p) = -2*p**3 - p**2 + p + 2. Let f be u(-2). Suppose 0*z + 9 = 3*z. Calculate the highest common divisor of z and f.
3
Suppose -3*z - 5*f = -458, 0 = 3*z - 5*f - 535 + 27. Suppose -2*a - 41 = -z. What is the highest common divisor of a and 24?
12
Let p = 18 + 7. Calculate the highest common divisor of p and 125.
25
Let a = -236 + 334. Suppose 0 = -4*k + a + 62. Calculate the greatest common factor of 20 and k.
20
Let v be (72/(-40))/(1/(-10)). Calculate the greatest common divisor of v and 45.
9
Let q(x) = 0*x - x - 3*x**3 - 2*x + 2*x**3 - 4*x**2 + 1. Suppose 0 = 5*h + 25 - 5. Let j be q(h). What is the highest common factor of 13 and j?
13
Let a(v) = v**2 - 11*v - 24. Let h be a(15). What is the highest common factor of h and 24?
12
Suppose -3*a + 9 = -0. Let r(c) = c + 5. Let n be r(-5). Suppose 0*o + 5*o - 45 = n. What is the greatest common divisor of o and a?
3
Let g = -10 - -10. Let v = 3 - g. What is the greatest common factor of 12 and v?
3
Let r = 24 + -8. Suppose -5*v + 593 = -207. What is the highest common divisor of v and r?
16
Let c be 56*1 + 4/(-2). Let x(o) be the first derivative of o**3/3 - o**2 + 3*o - 5. Let k be x(5). What is the highest common divisor of c and k?
18
Let r = 25 + 27. Suppose 0 = -x + 11 + 2. Calculate the highest common factor of r and x.
13
Let m be ((-1)/2)/((-1)/(-8)). Let g = m + 8. Suppose -1 = -r + g. What is the greatest common divisor of r and 5?
5
Let f(n) = -5*n**3 + n + 1. Let m be f(-1). Suppose l - m*y + 41 = 5*l, -4*l + y + 59 = 0. Let v = l + -9. Calculate the highest common divisor of v and 25.
5
Let b be 87*(7/3 + -1). What is the highest common factor of 29 and b?
29
Let t = 0 + -4. Let s be 2/8 - 439/t. Let o be 12 - (0/(-1) + 2). Calculate the highest common factor of s and o.
10
Let i be 1172/14 + 20/70. Suppose -u + 24 - 9 = -b, -3*u = 5*b - 21. Calculate the greatest common divisor of u and i.
12
Let q = 61 - 31. Suppose 0 = 4*f - f - q. Calculate the greatest common divisor of 110 and f.
10
Let z = -36 - -72. What is the greatest common divisor of z and 9?
9
Let c(u) = u**3 + 3*u**2 - 5*u - 6. Let q be c(-4). Let p be (24/q)/((-7)/56). Calculate the greatest common divisor of p and 12.
12
Let w be 4/6*(117 - -3). Suppose 2*f + 40 = 6*f. Calculate the greatest common factor of w and f.
10
Suppose 0 = -x - 3*c, -2*x = 3*x - c. Suppose x*o + 10 = o. Let n be (-1 - 0)*-21 - 1. Calculate the greatest common factor of n and o.
10
Let g be 3 - (-3)/(3/(-2)). Let k = g - -119. Suppose 0 = -4*t + 4*m + 28, 0*m = 2*t - 3*m - 9. What is the highest common divisor of t and k?
12
Let z(b) = -b**2 + 9*b - 7. Suppose r + 2*r - 12 = 0. Let s be z(r). What is the greatest common divisor of s and 130?
13
Suppose -r - 39 = -4*r. Let s = 88 + -75. What is the greatest common divisor of s and r?
13
Let m(f) = 2*f + 70. Let x be m(-24). What is the greatest common divisor of 110 and x?
22
Let u = -32 - -20. Let i be (24/2)/((-8)/u). Suppose i = 2*m - 18. Calculate the greatest common factor of 3 and m.
3
Let u = 57 + -15. What is the greatest common divisor of 7 and u?
7
Suppose 8 + 22 = 3*g. Let b = 52 + -2. What is the highest common divisor of b and g?
10
Suppose 2*g + 48 = -5*h + 245, -g - 155 = -4*h. What is the highest common divisor of h and 13?
13
Suppose -5*v + 56 - 6 = 0. Calculate the highest common factor of 2 and v.
2
Let c = 170 + -92. Let j = -43 + c. What is the highest common divisor of j and 5?
5
Let p be 1*190*4/10. Let l be 36/10 + (-6)/10. Suppose -l*v = -39 - 18. Calculate the highest common divisor of v and p.
19
Suppose 0 = -2*s + 1 + 3. What is the highest common divisor of s and 8?
2
Let x = -18 - -60. Calculate the greatest common divisor of 14 and x.
14
Suppose 0 = -i + 2*i - 15. Let r = -22 - -25. What is the highest common factor of i and r?
3
Let f be ((-8)/10)/((-28)/70) + 49. Calculate the highest common divisor of f and 17.
17
Let t(x) = x**2 + 18*x - 4. Let n be t(-19). Suppose 3*c - 270 = c. Calculate the highest common factor of n and c.
15
Suppose 3*l = 6*l - 18. Let j = 5 + l. Let n be -8*(-1)/2*11. What is the greatest common divisor of j and n?
11
Suppose 2*k = -0*k + 18. Calculate the highest common divisor of 9 and k.
9
Suppose 2*r = 4*r - 96. Suppose -1 + 27 = -2*y + 5*o, 5*y - 4*o + r = 0. Let g be (-1)/4 + (-98)/y. What is the highest common divisor of 12 and g?
12
Let j = -64 - -72. What is the greatest common factor of 64 and j?
8
Let i(n) = n**3 + 3*n. Let x be i(3). What is the highest common factor of 90 and x?
18
Suppose -u - 34 = -2*z + 21, -107 = -4*z + 5*u. Let c = -8 + 4. Let x be c/2 + 0 - -6. What is the greatest common divisor of x and z?
4
Suppose j - 9 - 8 = 0. Calculate the greatest common factor of j and 17.
17
Suppose 0*p + 5*p = 10, 3*m - 196 = -2*p. What is the greatest common divisor of 8 and m?
8
Let r(f) = -f**2 - 16*f - 17. Let j be r(-13). Calculate the greatest common factor of 2 and j.
2
Let u = 53 - 29. Suppose 2*b + 2*b - u = 0. Let i(k) = k**3 - 5*k**2 + 5*k + 6. Let h be i(b). What is the greatest common factor of 18 and h?
18
Let p = -1 + -1. Let u(a) be the first derivative of -a**4/2 - a**3 + 5. Let z be u(p). Calculate the greatest common divisor of z and 4.
4
Let u be (-26)/(-8) - 1/4. Suppose -3*w + 5 + 1 = -q, -4*w + 12 = 0. What is the greatest common factor of u and q?
3
Suppose -4*k + 22 = 10. Suppose 0 = 4*f + k + 1. Let t be f + 8 + 3 + -4. What is the greatest common divisor of t and 24?
6
Let h(y) = y**2 - 4*y. Let q be h(5). Suppose 6 = n + q. Let i = n - -1. Calculate the greatest common divisor of 3 and i.
1
Let z be (-1)/3 + 50/6. Let k(y) = 6 - 6 - 1 + z*y. Let i be k(1). Calculate the greatest common divisor of 28 and i.
7
Let u(i) be the third derivative of i**5/20 - i**4/6 + i**3 - 2*i**2. Let y be u(6). Suppose 0 = 5*j - 0*j - 50. What is the highest common factor of y and j?
10
Let s(l) = l**3 + 7*l**2 - 17*l - 6. Let c be s(-8). What is the highest common divisor of c and 6?
6
Let c = 5 + -11. Let x(v) = v**3 + 7*v**2 + 5*v + 8. Let o be x(c). Calculate the highest common factor of o and 7.
7
Suppose 0 = 4*h + 5*o - 215, -h - 4*o + 55 = -7. Calculate the greatest common divisor of h and 10.
10
Let b be ((-22)/(-6))/(3/36). What is the greatest common factor of 110 and b?
22
Let j be 4/24 + (-173)/(-6). Calculate the greatest common divisor of j and 87.
29
Let q(y) = 2*y**2 + 9*y - 15. Let b be q(-11). Calculate the highest common div